(l)?
3
Suppose -28 = -4*i + 16. Let a = i - 17. Let y(w) = -w + 8. Give y(a).
14
Let x(d) = -4*d**2 + 1 + d + 7*d**2 - 6*d**2. Let s(r) = -r**3 - 7*r**2 - 1. Let f be s(-7). Let h be 2 - 1/(f/(-3)). What is x(h)?
-3
Let m(h) = 4*h + 5. Let y(l) = 3*l + 4. Let s(v) = 4*m(v) - 5*y(v). Suppose 14 = -2*c + 4. Determine s(c).
-5
Suppose 0*i + 4*i + 52 = 4*c, 0 = -5*i - 3*c - 57. Let m(j) = -2*j - 13. Calculate m(i).
11
Let k be ((-30)/9 - 0)*3. Let i be (k/(-25))/((-2)/10). Let o(s) = -2*s - 1. Calculate o(i).
3
Let l(t) = t**2 + t. Let i(d) = -2*d**2 - 7*d. Let s(n) = -i(n) - 3*l(n). Let o = -7 + 11. Determine s(o).
0
Let u(s) = -s**3 - 2*s**2 - 2*s + 1. Let t(v) = v**2 + v + 1. Let g(k) = -4*t(k) + u(k). Give g(-5).
2
Let l(d) = 5*d + 11. Let g(w) = -11*w - 23. Let y(q) = -4*g(q) - 9*l(q). Let m be (-6)/((-2)/6 - -1). Let t = m + 4. Determine y(t).
-2
Let p(o) = -7*o**3 - 17*o**2 + 11*o + 11. Let m(c) = 4*c**3 + 9*c**2 - 5*c - 5. Let r(g) = -5*m(g) - 3*p(g). Determine r(-7).
-1
Let p(y) = 6*y - 3. Let d be p(2). Let o(u) = 4*u**2 + d*u - u**2 + 6 + 3*u - 2*u**2. Let n be o(-11). Let x(s) = -s - 4. Give x(n).
1
Let h(v) = 2*v**2 - 3*v - 1. Let u be ((-10)/(-4) + -3)*-6. Let r = 31 - 19. Suppose 4*k = 2*n + r, 2*n + 5 + 4 = u*k. Give h(k).
8
Let n(f) = -f**3 + f**2 + f + 1. Let c(m) = 5*m**3 - 9*m - 13. Let q(i) = c(i) + 6*n(i). Let g = 5 + 0. What is q(g)?
3
Let t(q) = q**2 + q + 1. Let i(f) = f**3 + 3*f**2 + 3*f + 2. Let j = -8 - -14. Let x be 2*3/j + -3. Let k be i(x). Calculate t(k).
1
Let j(f) = f. Let g be 0 + -1 + -1 + -2. Let x(l) = 3*l. Let a(z) = g*x(z) + 11*j(z). Suppose -4*i = -4*w + 4, -3*i - 3*w + 2 = -5*w. Calculate a(i).
-4
Let j(a) be the third derivative of a**8/10080 + a**7/2520 + a**6/720 + a**5/12 + a**2. Let i(q) be the third derivative of j(q). Determine i(-2).
5
Let i(z) = -z**3 + 5*z**2 + 6*z - 7. Suppose 0 = p - 3*p + 12. What is i(p)?
-7
Let f = -1 - 1. Let v(j) = -3*j + 1. Determine v(f).
7
Suppose -7*c - 55 = -2*c. Let n(s) = -s**2 - 11*s - 4. Give n(c).
-4
Let d be -12 + -3 + 5 - -4. Let s(r) = -r**3 - 5*r**2 + 5*r - 7. Give s(d).
-1
Let d(a) = -7*a + 2 + 0 - a**3 + 4*a**2 + 3*a**2 - 1. What is d(6)?
-5
Let h(x) be the third derivative of x**5/30 - 7*x**4/24 - 7*x**3/6 - 4*x**2. What is h(6)?
23
Let s(z) = -z**2 + 4*z - 4. Let p(f) be the second derivative of -3*f + 1/12*f**4 + 0 - 3*f**2 - 1/2*f**3. Let o be p(5). Determine s(o).
-4
Let l = 12 + -9. Suppose o + 10 = 4*s - o, -l*s + o = -9. Let q(b) = b - 4. Give q(s).
0
Let v(x) = -x. Let n = 1 + 0. Determine v(n).
-1
Suppose -22 - 3 = -5*w. Let b(x) = -x + 5. What is b(w)?
0
Let b = -3 - -5. Suppose 5*h = 8 + b. Suppose -h*k - 3*t - 20 + 1 = 0, -3*t = -4*k + 7. Let r(c) = -2*c**2 - 4*c - 2. Calculate r(k).
-2
Suppose 0 = 8*s - 10*s. Let u(z) be the second derivative of s - 1/12*z**4 - 5/2*z**2 + 7/6*z**3 - 2*z. Determine u(4).
7
Let z(n) = -n**2 + 4*n**2 - 5*n**2 - 6 + n**2. Calculate z(0).
-6
Let s(c) = -c + c - 2*c + c**2 - 3. Let h = 1 + 3. Suppose 23 = 5*x - a, -5*x = h*a - a - 11. Calculate s(x).
5
Let r(g) = -g**2 - 6*g - 2. Let t be r(-3). Let f(d) = d**2 - 7*d - 1. Determine f(t).
-1
Let d(g) = -9*g**2 - 5*g + 3. Let y(w) = w**2 + w - 1. Let j(v) = -d(v) - 4*y(v). Calculate j(-1).
5
Let i(v) = -v + 3. Let l(a) = a - 3. Let s(f) = 3*i(f) + 2*l(f). Calculate s(0).
3
Let s(a) be the third derivative of a**7/840 - a**5/120 + a**4/12 - a**3/3 + 2*a**2. Let g(i) be the first derivative of s(i). Determine g(0).
2
Let m(w) be the second derivative of 5/12*w**4 + 2/3*w**3 + 7*w + 0 + 0*w**2 + 1/20*w**5. Determine m(-4).
0
Let i(g) = -g**2 + 1. Let j(n) = n**3 - 7*n**2 - 3*n + 3. Let x(b) = -6*i(b) + j(b). What is x(3)?
6
Let y(a) = -a**3 - 9*a**2 + 11*a + 10. Let j be y(-10). Let q(m) = -m - 6 + j*m + 14. What is q(5)?
3
Let h(o) = -2*o**2 + 13*o - 16. Let y be h(5). Let m(t) = 3*t + 1. What is m(y)?
-2
Let f(y) = -6*y + 6. Let q(b) = b - 1. Let l(w) = -2*f(w) - 11*q(w). Let j = -3 - 1. Let z(m) = -m - 3. Let n be z(j). Give l(n).
0
Let r(s) = -s**2 - 2*s + 1. Suppose 0 = -g - 0 + 6. Suppose b + g = 3. What is r(b)?
-2
Let s(n) be the first derivative of 2 + n + 2/3*n**3 - 1/3*n**4 + 3*n**2 - 1/20*n**5. Let f(k) be the first derivative of s(k). Determine f(-4).
-10
Let u(c) be the second derivative of -c**4/12 - 5*c**2/2 + 7*c. Determine u(0).
-5
Let m be 1 + -1 + -1 - 5. Let i(v) = -9*v**2 + 2*v**2 + 9*v - 1 - v**3 + 0*v**3 - 15*v. Calculate i(m).
-1
Let w be (12/(-10))/3*-20. Let p(n) = n**2 - 8*n + 3. Let d be p(w). Let b(f) = -f + 0*f + 2*f - 1. Determine b(d).
2
Let q = -3 + 8. Suppose 8 + 17 = 5*k, -q*k + 23 = -h. Let m = h + -3. Let i(b) = -9*b**3 - b**2 - b - 1. Calculate i(m).
8
Let o(h) be the third derivative of h**4/24 + 2*h**3/3 + 12*h**2. Let s = 44 + -29. Suppose n - s = -4*n. Calculate o(n).
7
Let o(v) = -v**3 + 15*v**2 - 28*v + 27. Let s be o(13). Let i(t) = -3*t**2 + 3. Let p(x) = -6*x**2 + 7. Let r(m) = 5*i(m) - 2*p(m). What is r(s)?
-2
Let g be (-6)/(-9) - (-20)/6. Let f = g - 7. Let u(a) = -3*a**2 + 11*a + 1. Let p(k) = -2*k**2 + 6*k + 1. Let q(y) = -7*p(y) + 4*u(y). What is q(f)?
9
Let o(u) = u**3 - 3*u**2 - 3*u + 3. Suppose 4*i - 2 = 10. Give o(i).
-6
Let t = 20 - 16. Let g(o) = -5*o**3 - 2*o**2 + 6*o + 1. Let j(d) = 6*d**3 + 3*d**2 - 7*d - 2. Let w(v) = t*j(v) + 5*g(v). Suppose -h = 3*h - 8. What is w(h)?
1
Let v(x) be the first derivative of -x**7/840 - x**6/120 + x**5/60 - x**4/12 + 2*x**3 - 7. Let a(l) be the third derivative of v(l). What is a(-4)?
6
Let b(m) = -m**3 + 9*m**2 - 13*m - 5. Let n be b(7). Let u(x) = 2*x**2. Let v be u(-1). Let d(t) = 2*t**2 + 2 - 4*t**v - t**2. Calculate d(n).
-10
Let x(o) = -o**2 + 6*o - 8. Suppose -37 - 11 = -8*q. What is x(q)?
-8
Let t(d) be the second derivative of -d**4/12 + 2*d**3/3 - 3*d**2/2 - 10*d. Calculate t(5).
-8
Suppose -6 = -4*u + 2. Let w(l) = 2*l**2 - 2*l + 1. What is w(u)?
5
Let s(y) = 3*y - 2. Let b be (-2 + -2)*(-5)/10. Let o(x) = -x - 1. Let z(w) = b*o(w) + s(w). Give z(5).
1
Let l(t) = -3*t + 12. Let r be l(4). Let c(p) = -p**2 + 3. Give c(r).
3
Let k(n) = -5*n**2 - 7*n. Let f(i) = i**2 - 1. Let t(u) = -4*f(u) - k(u). Calculate t(-3).
-8
Let z(l) = 2*l + 12. Let b(h) = -h - 11. Let o(k) = 3*b(k) + 2*z(k). Let f be 20/(-50) - (-44)/10. Suppose -5*r + f*r = 0. Determine o(r).
-9
Let s(h) = -h**3 - 2*h**2 + 2. Let n be s(-2). Let x(g) = -g**3 + g**2 + 2*g. Determine x(n).
0
Let t(b) = b**2 + 5*b + 6. Let c be t(-5). Suppose -5*i + 5*d + 47 = 2, 0 = -2*d - c. Let g be 0 + 2 + i*-1. Let z(o) = o**3 + 4*o**2 + o - 1. Determine z(g).
-5
Let c(i) = 11*i - 29*i + 12*i + 8*i - 1. Calculate c(-3).
-7
Let h = -19 + 11. Let m(o) = o**2 + 9*o + 9. Give m(h).
1
Let h(l) be the second derivative of -l**3 + l**2 - 14*l. Give h(2).
-10
Let j be -1*(-2)/(-4)*-4. Let l be (-4 - -4)/(2/(-2)). Let h be l - ((-8)/j - -2). Let i(y) = -y**3 + 2*y**2 + 2*y - 1. What is i(h)?
3
Let g(h) be the second derivative of -h**3/6 - 2*h**2 - 5*h. Calculate g(5).
-9
Let z be (-64)/(-10) - 10/25. Suppose 0 = -3*c + 15, -w - 1 = 5*c - z*c. Let q(o) = o**2 - 5*o - 2. Calculate q(w).
-6
Let u(g) = -1 + 0*g**3 + 3 - g**3 - 5*g**2. Let h(s) = -s - 5. Let r be h(0). What is u(r)?
2
Let v(k) be the first derivative of -1/3*k**3 - 1 + 1/90*k**6 + 1/24*k**4 + 0*k - 1/60*k**5 + 0*k**2. Let m(f) be the third derivative of v(f). Determine m(1).
3
Let v = -3 - -4. Let a(q) = 2*q**2 + 2 - v - 6*q**2. Let f = -7 - -8. Give a(f).
-3
Let u = 1 + 2. Let c(g) = g**2 - 2*g - 1. What is c(u)?
2
Let s(j) = j - 1. Suppose -32 - 24 = 7*c. What is s(c)?
-9
Let x be ((-16)/24)/(2*(-3)/45). Let z(b) be the first derivative of b**3/3 - b**2 - 6*b - 2. Determine z(x).
9
Suppose 5*g = -5, -x + g + 10 = 2*x. Let r(b) = 2*b - 2 - x*b + 4 + 13*b**2 - 1. Calculate r(1).
13
Let f(r) = -6*r + 5*r + 0*r + 13*r**3 - 3*r**3 + r**2. Suppose 5*o + 14 = 2*p + o, -o - 2 = p. Let j be 1/1 + p + -1. Calculate f(j).
10
Suppose 0*d = d + 1. Let w(c) = -c**3 + 2*c**2 + 2*c + 1. Let b be w(d). Let m(f) = -3*f + 2*f + b*f - 3*f + 3. Determine m(3).
-3
Let k(z) be the second derivative of -1/120*z**5 - 1/12*z**4 + 0*z**2 + 0 - 1/2*z**3 - 4*z. Let q(t) be the second derivative of k(t). Calculate q(-4).
2
Let w(l) = l**3 + 3*l**2 - 5*l - 6. Let a be 8/10*(-24 - -19). Calcu